5*j - 89, 0*j + 66 = 3*j + 3*s. Suppose -v - t = -5, -5*v + t + j = -0. What is the remainder when v is divided by 3?
1
Suppose -j - 35*q = -32*q - 4, 62 = 3*j - q. What is the remainder when 3303 is divided by j?
16
Suppose -58 = -5*k - 4*g, 29 = 2*k - 4*g - 11. What is the remainder when (3 + -5 - 41)*-2 + -3 is divided by k?
13
Suppose -99 = 14*r - 267. Let u(f) = -3*f + 72. Calculate the remainder when u(r) is divided by 5.
1
Let k = 471 + -470. Calculate the remainder when (-11 - (-9 - k))/(1/(-123)) is divided by 16.
11
Calculate the remainder when 860 is divided by -6 - (63 + -59)*14/(-4).
4
Calculate the remainder when 916 is divided by ((-102)/4 - -8)/(20/(-16)).
6
Let a = 587 + -579. Suppose -4*h + 130 = 2*g, 3*g - 3*h - 222 = -0*g. Let q = g - 43. Calculate the remainder when q is divided by a.
4
Let g = 344 - 170. Let x(p) = 44 - 93*p + g*p - 88*p. Calculate the remainder when x(-25) is divided by 37.
34
Let w(f) = f - 37. Let n be w(13). Calculate the remainder when (3*(-4)/n)/((-2)/(-8)) is divided by (10/(-15))/((-3)/9).
0
Suppose 2*v - 235 = -5*w, -84*w = -81*w + 5*v - 141. What is the remainder when 2140 is divided by w?
25
Let a(s) = 3*s**2 + 103*s + 39. Let p be a(-34). Suppose -b + 3*i + 13 = 0, -3*i = 2*b - p - 12. Calculate the remainder when 207 is divided by b.
7
Suppose -256 + 28 = -12*k. What is the remainder when 8852 is divided by k?
17
Suppose 7251 = 11*h + 172*h - 3180. Suppose 492 = 3*m - 0*m. Calculate the remainder when m is divided by h.
50
Let r(n) = 19*n**3 - 4*n**2 - 2*n + 2. Let y be r(-2). Let t = -148 - y. Calculate the remainder when 52 is divided by t.
10
Let j(o) = 3*o**2 - 169*o - 2513. Suppose 4*n = -4*h + 100, -2*h - 2*h + 115 = -n. Calculate the remainder when j(69) is divided by h.
25
Suppose -p + 68 = 3*y, 4*p - 518 = -3*y - 462. What is the remainder when 1097 is divided by y?
17
Let u(x) = -1350*x - 8127. Calculate the remainder when u(-9) is divided by 365.
8
Let n(i) be the first derivative of -16*i**2 - 44*i - 7. Let k = -79 + 88. Calculate the remainder when n(-3) is divided by k.
7
Let v(h) = 6*h**2 - 8*h - 80. What is the remainder when v(-5) is divided by 43?
24
Let j(c) = 15*c**2 + 620*c - 50. Calculate the remainder when j(-42) is divided by 17.
13
Let i(q) = 2*q**3 - 7*q**2 - 6*q + 9. Let l be i(14). Suppose -565 = -14*u + l. Calculate the remainder when u is divided by 30.
29
What is the remainder when 204 is divided by ((-13)/(-2))/(-38*(-36)/2736)?
9
Let j = 34349 - 14758. Calculate the remainder when j is divided by 31.
30
Suppose 5*y + 1916 = 3*w, -202*y = -2*w - 203*y + 1286. What is the remainder when w is divided by 173?
123
Suppose -27*y - 296 = -29*y. Let j = y - 43. Suppose -2*u - 3*u = -j. Calculate the remainder when 82 is divided by u.
19
Calculate the remainder when 114 is divided by 3 - -2 - (56 - 137).
28
Let g = -2 - -9. Let r be (-3)/6 - (-5551)/14. Suppose 11*s = -s + r. Calculate the remainder when s is divided by g.
5
Let v be -41 + (-737)/99 + (-20)/(-45). Let k(f) = -2*f**3 + 6*f**2 + 3*f + 3. Let y be k(5). Let p = v - y. What is the remainder when p is divided by 15?
4
Suppose -575*r = -129*r - 2676. Calculate the remainder when 229 is divided by r.
1
Let c(k) = -k**3 - 4*k - 6. Let f be 1*(0 + (1 - -246)). Suppose 5*b - f - 238 = 0. Calculate the remainder when b is divided by c(-3).
31
Let x(f) = 158*f + 509. Let z(w) = -52*w - 169. Let i(r) = 2*x(r) + 7*z(r). What is the remainder when 103 is divided by i(-4)?
22
Suppose -2584 = -4*j - 4*h, -j - h = -5*j + 2624. What is the remainder when j is divided by 29?
16
Suppose 3*o = 3*v + 111, 2*v = 5*v - 5*o + 105. Let t(z) = -24*z - 84. Calculate the remainder when t(-4) is divided by 15/45 + v/(-6).
5
Suppose -17*h = -21*h - 176. Let k = -30 - h. Calculate the remainder when (-25)/(3*2/(-12)) - -2 is divided by k.
10
Suppose -9*k + 652 = -212. Suppose 4*d + l - 216 = -3*l, -2*l + 157 = 3*d. What is the remainder when k is divided by d?
47
Suppose -191*w - 60760 = -315*w. What is the remainder when w is divided by 146?
52
Suppose -4*k + 8 = -5*f, -2 = k - 2*k - f. Calculate the remainder when 2 + k + 2 + 80 is divided by 31.
24
Let b(z) = 345*z**3 + 5*z**2 - 6*z + 1. What is the remainder when b(1) is divided by 156?
33
Let p = 207 + -187. What is the remainder when 379 is divided by ((-36)/p*-2)/(15/400)?
91
Suppose -3*p - 3*w = w - 421, 3*w - 12 = 0. Calculate the remainder when p is divided by 2387/93 + (-32)/12.
20
Let l = -27 + 61. Let w(u) = 2*u**3 - 13*u**2 + 8*u + 14. Let b(v) = v**2 + v. Let h(y) = -6*b(y) + w(y). What is the remainder when h(10) is divided by l?
32
Let k(q) = 8*q - 4. Suppose 0 = -3*f - 6, -2*j - 5*f - 11 = -j. Let n be k(j). What is the remainder when (3*(-76)/n)/(1 - 0) is divided by 13?
6
What is the remainder when 2677 is divided by 84/(-147)*3619/(-44)?
45
Suppose -22*f = -67*f + 180. What is the remainder when 166 is divided by 0 + (42 + -3)/1 - f?
26
Let v(z) = -z**2 - 25*z + 210. Let h be v(7). Calculate the remainder when 9/15*(-70)/h*9 is divided by 16.
11
Suppose -4*p = -7*r - 9480, -4*p - 3*r = -5*r - 9500. What is the remainder when p is divided by 82?
81
Suppose 122341 - 122721 = -19*u. Calculate the remainder when 129 is divided by u.
9
Let b(u) = -9*u - 146. Let i be b(38). Let n = 533 + i. What is the remainder when 259 is divided by n?
34
Let u(v) = 17*v**2 - v - 5. Suppose -259*i + 1290 = -249*i. Calculate the remainder when i is divided by u(-2).
64
Let j(t) = -12*t + 20. Let v be j(-6). Suppose -2*w = -o + 134, 0 = -2*o + 3*w + 355 - v. Suppose 2*i - 49 = 1. What is the remainder when o is divided by i?
24
Let c(s) = s**3 - 6*s**2 + 4*s - 3. Let n be c(5). Let l be 361/6 - n/(-48). Suppose -13*b = -b - l. Calculate the remainder when 8 is divided by b.
3
Suppose 1875 = -299*i + 304*i. Calculate the remainder when i is divided by 80.
55
Let q = 10471 - 10452. What is the remainder when 2140 is divided by q?
12
Suppose 10*r - 16*r = 0. Suppose -5*m - 3*x - 2*x - 10 = 0, x + 1 = r. What is the remainder when (m - -2)/((-13)/(-741)) is divided by 22?
13
Suppose -6*y = -2*y - 44. Suppose 6*c = y*c - 3*c. Suppose c = 2*b + 3 - 27. Calculate the remainder when 70 is divided by b.
10
What is the remainder when (-8)/(-6) - (-1182)/27*6 is divided by 45?
39
Let n = -10272 + 14490. What is the remainder when n is divided by 10?
8
Let t(w) = w**3 - 4*w**2 + 6*w - 12. Let o be t(4). Suppose -25*v - o*v = -4736. What is the remainder when v is divided by 43?
42
Let g be -1*2/(10/25). Let f be ((-28)/g)/((-4)/(-40)). Let j = -48 + f. Calculate the remainder when 30 is divided by j.
6
Let l(f) = -f**2 + 4*f**2 - 5*f**2 - 54*f - 15 - 15. Suppose -7*z + 575 = -30*z. What is the remainder when l(z) is divided by 9?
7
Let b(y) be the third derivative of -y**4/8 + 46*y**3/3 + 52*y**2. Calculate the remainder when b(-20) is divided by 22.
20
Suppose h + 4*v + 2 = -6, -8 = h - v. Let r(z) = -z**2 - 12*z + 9. Let a = -3401 + 3416. What is the remainder when r(h) is divided by a?
11
Let g(h) = h**3 - 7*h**2 + 7*h + 9. Let r be g(9). Let a = r - 166. What is the remainder when 200 is divided by a?
64
Let v = -2054 + 2060. Suppose -15 - 3 = -g. Calculate the remainder when 525/v + (-9)/g is divided by 22.
21
Suppose 0 = -192*l + 188*l - 340. Let w be -2*l/(-20)*-2. Suppose -2*r + w = -r. What is the remainder when r is divided by 11?
6
Let s(j) = -2*j**3 + 327*j**2 + 494*j + 173. Let f = 293 + -120. What is the remainder when f is divided by s(165)?
5
Let p(r) = 26*r**2 - 851*r + 7. Let z = 19 + -7. Calculate the remainder when p(33) is divided by z.
10
What is the remainder when 2952/14 - (10 - 256/28) is divided by (-7 - -3)*87/(-6)?
36
Suppose 340065 + 53317 = 34*x + 33628. What is the remainder when x is divided by 143?
142
Let u be 4/(-6) - (-12)/(-9). Suppose 0 = -868*p + 919*p - 51. Calculate the remainder when 225 is divided by 19*(u/(-1))/p.
35
Suppose 215*z + 410 = 1128 + 572. What is the remainder when 1742 is divided by z?
2
Let k(v) = v + 26. Suppose -6*g = -700 + 280. Calculate the remainder when g is divided by k(-21).
0
Let z = -81 - -78. Calculate the remainder when 130 is divided by z/5 + 3842/170.
20
Let c(g) = -10*g + 9*g + 0*g + 35. Suppose 0 = 4*z - 67 + 107. Calc